he remainder when 1191 is divided by 149.
148
Calculate the remainder when 2627 is divided by 147.
128
Calculate the remainder when 60 is divided by 50.
10
What is the remainder when 85 is divided by 45?
40
What is the remainder when 267 is divided by 55?
47
Calculate the remainder when 565 is divided by 44.
37
Calculate the remainder when 14 is divided by 4.
2
Calculate the remainder when 12209 is divided by 33.
32
Calculate the remainder when 422 is divided by 8.
6
What is the remainder when 1293 is divided by 6?
3
What is the remainder when 1846 is divided by 10?
6
Calculate the remainder when 792 is divided by 20.
12
Calculate the remainder when 1615 is divided by 49.
47
What is the remainder when 130 is divided by 34?
28
What is the remainder when 328 is divided by 106?
10
What is the remainder when 29 is divided by 9?
2
What is the remainder when 419 is divided by 132?
23
Calculate the remainder when 6477 is divided by 9.
6
Calculate the remainder when 218 is divided by 8.
2
What is the remainder when 68 is divided by 26?
16
What is the remainder when 140 is divided by 13?
10
Calculate the remainder when 310 is divided by 78.
76
Calculate the remainder when 5789 is divided by 32.
29
What is the remainder when 18793 is divided by 21?
19
Calculate the remainder when 257 is divided by 38.
29
What is the remainder when 8408 is divided by 495?
488
Calculate the remainder when 2227 is divided by 742.
1
Calculate the remainder when 1062 is divided by 12.
6
Calculate the remainder when 2272 is divided by 94.
16
Calculate the remainder when 138 is divided by 67.
4
Calculate the remainder when 66 is divided by 41.
25
What is the remainder when 598 is divided by 143?
26
What is the remainder when 40 is divided by 9?
4
What is the remainder when 156 is divided by 72?
12
Calculate the remainder when 143 is divided by 17.
7
Calculate the remainder when 732 is divided by 148.
140
What is the remainder when 4891 is divided by 812?
19
Calculate the remainder when 30659 is divided by 30.
29
Calculate the remainder when 518 is divided by 172.
2
What is the remainder when 217 is divided by 101?
15
Calculate the remainder when 3230 is divided by 101.
99
What is the remainder when 86 is divided by 16?
6
Calculate the remainder when 614 is divided by 138.
62
What is the remainder when 1432 is divided by 14?
4
What is the remainder when 385 is divided by 21?
7
What is the remainder when 6810 is divided by 26?
24
What is the remainder when 594 is divided by 85?
84
What is the remainder when 2230 is divided by 23?
22
What is the remainder when 1991 is divided by 2?
1
Calculate the remainder when 66 is divided by 19.
9
What is the remainder when 162 is divided by 150?
12
What is the remainder when 206 is divided by 21?
17
Calculate the remainder when 251 is divided by 47.
16
What is the remainder when 237 is divided by 177?
60
What is the remainder when 138 is divided by 28?
26
Calculate the remainder when 1063 is divided by 530.
3
What is the remainder when 97 is divided by 26?
19
What is the remainder when 68 is divided by 26?
16
Calculate the remainder when 46513 is divided by 15.
13
What is the remainder when 461 is divided by 15?
11
Calculate the remainder when 361 is divided by 40.
1
What is the remainder when 3509 is divided by 438?
5
Calculate the remainder when 294 is divided by 56.
14
What is the remainder when 1123 is divided by 126?
115
Calculate the remainder when 639 is divided by 126.
9
Calculate the remainder when 483 is divided by 120.
3
What is the remainder when 602 is divided by 101?
97
Calculate the remainder when 24 is divided by 9.
6
What is the remainder when 526 is divided by 44?
42
What is the remainder when 3396 is divided by 40?
36
What is the remainder when 1623 is divided by 168?
111
Calculate the remainder when 143 is divided by 64.
15
Calculate the remainder when 3397 is divided by 41.
35
What is the remainder when 613 is divided by 37?
21
What is the remainder when 5331 is divided by 127?
124
What is the remainder when 1882 is divided by 13?
10
Calculate the remainder when 90 is divided by 79.
11
What is the remainder when 995 is divided by 251?
242
What is the remainder when 211 is divided by 53?
52
What is the remainder when 9447 is divided by 63?
60
Calculate the remainder when 6023 is divided by 46.
43
Calculate the remainder when 212 is divided by 73.
66
Calculate the remainder when 1579 is divided by 51.
49
What is the remainder when 3399 is divided by 18?
15
Calculate the remainder when 164 is divided by 5.
4
What is the remainder when 94 is divided by 25?
19
Calculate the remainder when 1006 is divided by 6.
4
Calculate the remainder when 604 is divided by 373.
231
What is the remainder when 1086 is divided by 507?
72
Calculate the remainder when 41 is divided by 5.
1
What is the remainder when 297 is divided by 12?
9
Calculate the remainder when 49845 is divided by 31.
28
Calculate the remainder when 1497 is divided by 186.
9
Calculate the remainder when 3190 is divided by 45.
40
Calculate the remainder when 115 is divided by 44.
27
Calculate the remainder when 247 is divided by 126.
121
Calculate the remainder when 4098 is divided by 513.
507
What is the remainder when 1030 is divided by 23?
18
What is the remainder when 111 is divided by 63?
48
Calculate the remainder when 106 is divided by 12.
10
Calculate the remainder when 414 is divided by 135.
9
Calculate the remainder when 636 is divided by 22.
20
What is the remainder when 6438 is divided by 140?
138
What is the remainder when 311 is divided by 4?
3
What is the remainder when 221 is divided by 33?
23
Calculate the remainder when 194 is divided by 20.
14
Calculate the remainder when 6591 is divided by 19.
17
Calculate the remainder when 5033 is divided by 99.
83
What is the remainder when 1276 is divided by 143?
132
What is the remainder when 129 is divided by 11?
8
Calculate the remainder when 51 is divided by 30.
21
What is the remainder when 16 is divided by 6?
4
What is the remainder when 256 is divided by 91?
74
What is the remainder when 65 is divided by 55?
10
What is the remainder when 87 is divided by 30?
27
What is the remainder when 232 is divided by 118?
114
What is the remainder when 217 is divided by 66?
19
What is the remainder when 8339 is divided by 18?
5
Calculate the remainder when 16 is divided by 3.
1
What is the remainder when 1028 is divided by 504?
20
What is the remainder when 177 is divided by 73?
31
What is the remainder when 87 is divided by 26?
9
Calculate the remainder when 3493 is divided by 23.
20
Calculate the remainder when 320 is divided by 85.
65
Calculate the remainder when 145 is divided by 34.
9
Calculate the remainder when 38 is divided by 14.
10
Calculate the remainder when 509 is divided by 114.
53
Calculate the remainder when 525 is divided by 24.
21
What is the remainder when 348 is divided by 10?
8
What is the remainder when 303 is divided by 16?
15
What is the remainder when 216 is divided by 51?
12
Calculate the remainder when 1139 is divided by 4.
3
What is the remainder when 1100 is divided by 463?
174
What is the remainder when 2122 is divided by 85?
82
What is the remainder when 371 is divided by 70?
21
What is the remainder when 72 is divided by 44?
28
Calculate the remainder when 363 is divided by 29.
15
What is the remainder when 490 is divided by 48?
10
What is the remainder when 52 is divided by 3?
1
Calculate the remainder when 110 is divided by 20.
10
What is the remainder when 3 is divided by 1?
0
What is the remainder when 242 is divided by 73?
23
What is the remainder when 127 is divided by 95?
32
What is the remainder when 437 is divided by 40?
37
What is the remainder when 174 is divided by 15?
9
What is the remainder when 155 is divided by 15?
5
Calculate the remainder when 109 is divided by 44.
21
Calculate the remainder when 265 is divided by 147.
118
Calculate the remainder when 1033 is divided by 127.
17
What is the remainder when 2417 is divided by 55?
52
What is the remainder when 373 is divided by 22?
21
Calculate the remainder when 102 is divided by 23.
10
What is the remainder when 422 is divided by 134?
20
Calculate the remainder when 2326 is divided by 387.
4
What is the remainder when 